{"id":436,"date":"2019-09-24T08:32:57","date_gmt":"2019-09-24T06:32:57","guid":{"rendered":"https:\/\/www.aquabol.sk\/cesamir2020\/?page_id=436"},"modified":"2024-06-19T20:16:33","modified_gmt":"2024-06-19T18:16:33","slug":"committee","status":"publish","type":"page","link":"https:\/\/www.aquabol.sk\/cesamir2020\/program\/committee\/","title":{"rendered":"Scientific committee"},"content":{"rendered":"<p>[et_pb_section fb_built=&#8221;1&#8243; fullwidth=&#8221;on&#8221; _builder_version=&#8221;4.16&#8243; use_background_color_gradient=&#8221;on&#8221; background_color_gradient_stops=&#8221;#ffffff 0%|#313476 100%&#8221; background_color_gradient_start=&#8221;#ffffff&#8221; background_color_gradient_end=&#8221;#313476&#8243; locked=&#8221;off&#8221; global_colors_info=&#8221;{}&#8221;][et_pb_fullwidth_image src=&#8221;https:\/\/www.aquabol.sk\/cesamir2020\/wp-content\/uploads\/2023\/11\/CESAMIR-banner-NEW01.png&#8221; title_text=&#8221;CESAMIR banner NEW01&#8243; _builder_version=&#8221;4.16&#8243; background_color=&#8221;#93acc1&#8243; use_background_color_gradient=&#8221;on&#8221; background_color_gradient_stops=&#8221;#2b87da 0%|rgba(239,255,249,0.11) 100%&#8221; background_color_gradient_end=&#8221;rgba(239,255,249,0.11)&#8221; global_colors_info=&#8221;{}&#8221;][\/et_pb_fullwidth_image][\/et_pb_section][et_pb_section fb_built=&#8221;1&#8243; custom_padding_last_edited=&#8221;off|desktop&#8221; admin_label=&#8221;Hero&#8221; _builder_version=&#8221;4.16&#8243; use_background_color_gradient=&#8221;on&#8221; background_color_gradient_stops=&#8221;#ffffff 0%|#e7edf9 100%&#8221; background_color_gradient_start=&#8221;#ffffff&#8221; background_color_gradient_end=&#8221;#e7edf9&#8243; min_height=&#8221;960px&#8221; custom_margin=&#8221;2px|||||&#8221; custom_padding=&#8221;50px||30px|||&#8221; custom_padding_tablet=&#8221;130px||130px|&#8221; global_colors_info=&#8221;{}&#8221;][et_pb_row use_custom_gutter=&#8221;on&#8221; gutter_width=&#8221;0&#8243; _builder_version=&#8221;4.16&#8243; custom_margin=&#8221;|||&#8221; custom_padding=&#8221;24px|||||&#8221; global_colors_info=&#8221;{}&#8221;][et_pb_column type=&#8221;4_4&#8243; _builder_version=&#8221;4.16&#8243; custom_padding=&#8221;|||&#8221; global_colors_info=&#8221;{}&#8221; custom_padding__hover=&#8221;|||&#8221;][et_pb_text _builder_version=&#8221;4.16&#8243; text_font=&#8221;||||||||&#8221; header_font=&#8221;||||||||&#8221; header_2_font=&#8221;|600|||||||&#8221; header_2_font_size=&#8221;36px&#8221; header_2_line_height=&#8221;1.3em&#8221; custom_margin=&#8221;||23px|||&#8221; custom_padding=&#8221;|||&#8221; animation_style=&#8221;fade&#8221; global_colors_info=&#8221;{}&#8221;]<\/p>\n<h2>Scientific\u00a0<span style=\"color: #005fba;\">Committee<\/span><\/h2>\n<p>[\/et_pb_text][et_pb_text admin_label=&#8221;description&#8221; _builder_version=&#8221;4.16&#8243; text_font=&#8221;||||||||&#8221; text_font_size=&#8221;20px&#8221; text_line_height=&#8221;1.8em&#8221; max_width_tablet=&#8221;89%&#8221; max_width_phone=&#8221;97%&#8221; max_width_last_edited=&#8221;off|desktop&#8221; custom_margin=&#8221;30px|||&#8221; custom_padding=&#8221;|||&#8221; animation_style=&#8221;fade&#8221; animation_direction=&#8221;top&#8221; global_colors_info=&#8221;{}&#8221;]<\/p>\n<p>The main tasks of the <strong>Scientific Committee members<\/strong> are to ensure high scientific level of the conference, to compile a scientific program, to review all the abstracts submitted and, finally, to\u00a0evaluate the student competition for the best student presentation and poster.<\/p>\n<p>[\/et_pb_text][et_pb_divider color=&#8221;#4496da&#8221; divider_position=&#8221;center&#8221; divider_weight=&#8221;3px&#8221; _builder_version=&#8221;4.23.1&#8243; max_width=&#8221;90px&#8221; max_width_tablet=&#8221;13%&#8221; max_width_last_edited=&#8221;off|desktop&#8221; custom_margin=&#8221;15px|||&#8221; custom_padding=&#8221;|||&#8221; animation_style=&#8221;fade&#8221; global_colors_info=&#8221;{}&#8221;][\/et_pb_divider][\/et_pb_column][\/et_pb_row][et_pb_row column_structure=&#8221;3_4,1_4&#8243; use_custom_gutter=&#8221;on&#8221; gutter_width=&#8221;0&#8243; _builder_version=&#8221;4.16&#8243; custom_margin=&#8221;|||&#8221; custom_padding=&#8221;24px|||||&#8221; global_colors_info=&#8221;{}&#8221;][et_pb_column type=&#8221;3_4&#8243; _builder_version=&#8221;4.16&#8243; custom_padding=&#8221;|||&#8221; global_colors_info=&#8221;{}&#8221; custom_padding__hover=&#8221;|||&#8221;][et_pb_text admin_label=&#8221;description&#8221; module_class=&#8221;hyperlink-color&#8221; _builder_version=&#8221;4.23.4&#8243; text_font=&#8221;||||||||&#8221; text_font_size=&#8221;20px&#8221; max_width_tablet=&#8221;89%&#8221; max_width_phone=&#8221;97%&#8221; max_width_last_edited=&#8221;off|desktop&#8221; custom_margin=&#8221;30px|||&#8221; custom_padding=&#8221;0px|||||&#8221; animation_style=&#8221;fade&#8221; animation_direction=&#8221;top&#8221; global_colors_info=&#8221;{}&#8221;]<\/p>\n<p><a href=\"https:\/\/www.researchgate.net\/profile\/Fedor_Ciampor_Jr\" target=\"_blank\" rel=\"noopener noreferrer\"><strong>Fedor \u010ciampor<\/strong><\/a> (Slovak Academy of Sciences, SLOVAKIA) &#8211; <strong>Chair<\/strong><\/p>\n<p><a href=\"https:\/\/www.researchgate.net\/profile\/Zoltan_Csabai2\" target=\"_blank\" rel=\"noopener noreferrer\"><strong>Zolt\u00e1n Csabai<\/strong><\/a> (University of P\u00e9cs, HUNGARY)<\/p>\n<p><a href=\"https:\/\/www.researchgate.net\/profile\/Michal_Grabowski\" target=\"_blank\" rel=\"noopener noreferrer\"><strong>Micha\u0142 Grabowski<\/strong><\/a> (University of Lodz, POLAND)<\/p>\n<p><a href=\"https:\/\/www.researchgate.net\/profile\/Graf_Wolfram\" target=\"_blank\" rel=\"noopener noreferrer\"><strong>Wolfram Graf<\/strong><\/a> (BOKU Wien, AUSTRIA)<\/p>\n<p><a href=\"https:\/\/www.researchgate.net\/profile\/Belma_Kalamujic_Stroil\" target=\"_blank\" rel=\"noopener noreferrer\"><strong>Belma Kalamujic Stroil<\/strong><\/a> (University of Sarajevo, BOSNIA &amp; HERZEGOVINA)<\/p>\n<p><a href=\"https:\/\/www.researchgate.net\/profile\/Petr_Paril\" target=\"_blank\" rel=\"noopener noreferrer\"><strong>Petr Pa\u0159il<\/strong><\/a> (Masaryk University, CZECH REPUBLIC)<\/p>\n<p><a href=\"https:\/\/www.researchgate.net\/profile\/Momir_Paunovic\" target=\"_blank\" rel=\"noopener noreferrer\"><strong>Momir Paunovi\u0107<\/strong><\/a> (University of Belgrade, SERBIA)<\/p>\n<p><a href=\"https:\/\/www.researchgate.net\/profile\/Ana_Previsic2\" target=\"_blank\" rel=\"noopener noreferrer\"><strong>Ana Previ\u0161i\u0107<\/strong><\/a> (University of Zagreb, CROATIA)<\/p>\n<p><a href=\"https:\/\/www.researchgate.net\/profile\/G_Risnoveanu\" target=\"_blank\" rel=\"noopener noreferrer\"><strong>Geta Risnoveanu<\/strong><\/a> (University of Bucharest, ROMANIA)<\/p>\n<p><a href=\"https:\/\/www.researchgate.net\/profile\/Gorazd_Urbanic\" target=\"_blank\" rel=\"noopener noreferrer\"><strong><b>Gorazd Urbani\u010d <\/b><\/strong><\/a>(University of Ljubljana, SLOVENIA)<\/p>\n<p><a href=\"https:\/\/www.researchgate.net\/profile\/Serge_Utevsky\" target=\"_blank\" rel=\"noopener noreferrer\"><strong>Serge Utevsky <\/strong><\/a>(V.N. Karazin Kharkiv National University, UKRAINE)<\/p>\n<p><a href=\"https:\/\/www.researchgate.net\/profile\/Carola_Winkelmann\" target=\"_blank\" rel=\"noopener noreferrer\"><strong>Carola Winkelmann<\/strong><\/a> (Universit\u00e4t Koblenz-Landau, GERMANY)<\/p>\n<p>[\/et_pb_text][\/et_pb_column][et_pb_column type=&#8221;1_4&#8243; _builder_version=&#8221;4.16&#8243; custom_padding=&#8221;|||&#8221; global_colors_info=&#8221;{}&#8221; custom_padding__hover=&#8221;|||&#8221;][et_pb_image src=&#8221;https:\/\/www.aquabol.sk\/cesamir2020\/wp-content\/uploads\/2019\/10\/Committee-FIN2c.png&#8221; align_tablet=&#8221;center&#8221; align_phone=&#8221;&#8221; align_last_edited=&#8221;on|desktop&#8221; admin_label=&#8221;illustration&#8221; _builder_version=&#8221;4.16&#8243; transform_translate=&#8221;-3px|0px&#8221; transform_translate_linked=&#8221;off&#8221; width=&#8221;100%&#8221; custom_margin=&#8221;3px|||||&#8221; custom_padding=&#8221;2px||1px|||&#8221; animation_style=&#8221;slide&#8221; animation_direction=&#8221;right&#8221; animation_intensity_slide=&#8221;10%&#8221; global_colors_info=&#8221;{}&#8221;][\/et_pb_image][\/et_pb_column][\/et_pb_row][\/et_pb_section][et_pb_section fb_built=&#8221;1&#8243; admin_label=&#8221;Subscribe&#8221; _builder_version=&#8221;4.16&#8243; background_color=&#8221;#f5f9fb&#8221; custom_padding=&#8221;50px|0px|50px|0px||&#8221; animation_style=&#8221;slide&#8221; animation_direction=&#8221;bottom&#8221; animation_intensity_slide=&#8221;20%&#8221; animation_starting_opacity=&#8221;100%&#8221; global_colors_info=&#8221;{}&#8221;][et_pb_row _builder_version=&#8221;4.16&#8243; global_colors_info=&#8221;{}&#8221;][et_pb_column type=&#8221;4_4&#8243; _builder_version=&#8221;4.16&#8243; custom_padding=&#8221;|||&#8221; global_colors_info=&#8221;{}&#8221; custom_padding__hover=&#8221;|||&#8221;][et_pb_signup mailchimp_list=&#8221;Mailchimp|fe69e960a2&#8243; first_name_field=&#8221;off&#8221; last_name_field=&#8221;off&#8221; success_message=&#8221;Thank you!&#8221; title=&#8221;Stay Up To Date&#8221; description=&#8221;<\/p>\n<p>Subscribe to our mailing list and keep informed with all the news about CESAMIR2024 conference! *<\/p>\n<p>* Your e-mail address will be used for conference purposes only.<\/p>\n<p>&#8221; _builder_version=&#8221;4.23.4&#8243; form_field_background_color=&#8221;#003c7c&#8221; form_field_text_color=&#8221;#ffffff&#8221; form_field_focus_background_color=&#8221;#282b66&#8243; form_field_focus_text_color=&#8221;#ffffff&#8221; header_font=&#8221;|600|||||||&#8221; header_font_size=&#8221;35px&#8221; header_line_height=&#8221;1.3em&#8221; body_font=&#8221;||||||||&#8221; body_font_size=&#8221;18px&#8221; body_line_height=&#8221;1.8em&#8221; result_message_font=&#8221;||||||||&#8221; result_message_text_color=&#8221;#000000&#8243; result_message_font_size=&#8221;30px&#8221; use_background_color=&#8221;off&#8221; custom_button=&#8221;on&#8221; button_text_size=&#8221;14px&#8221; button_text_color=&#8221;#ffffff&#8221; button_bg_color=&#8221;#005fba&#8221; button_border_width=&#8221;8px&#8221; button_border_color=&#8221;#005fba&#8221; button_border_radius=&#8221;0px&#8221; button_letter_spacing=&#8221;1px&#8221; button_font=&#8221;|700||on|||||&#8221; button_icon=&#8221;&#x3d;||divi||400&#8243; background_layout=&#8221;light&#8221; border_radii_fields=&#8221;on||||&#8221; button_letter_spacing_hover=&#8221;1px&#8221; focus_background_color=&#8221;#ffffff&#8221; focus_text_color=&#8221;#ffffff&#8221; global_colors_info=&#8221;{}&#8221; button_text_size__hover_enabled=&#8221;off&#8221; button_one_text_size__hover_enabled=&#8221;off&#8221; button_two_text_size__hover_enabled=&#8221;off&#8221; button_text_color__hover_enabled=&#8221;off&#8221; button_one_text_color__hover_enabled=&#8221;off&#8221; button_two_text_color__hover_enabled=&#8221;off&#8221; button_border_width__hover_enabled=&#8221;off&#8221; button_one_border_width__hover_enabled=&#8221;off&#8221; button_two_border_width__hover_enabled=&#8221;off&#8221; button_border_color__hover_enabled=&#8221;off&#8221; button_one_border_color__hover_enabled=&#8221;off&#8221; button_two_border_color__hover_enabled=&#8221;off&#8221; button_border_radius__hover_enabled=&#8221;off&#8221; button_one_border_radius__hover_enabled=&#8221;off&#8221; button_two_border_radius__hover_enabled=&#8221;off&#8221; button_letter_spacing__hover_enabled=&#8221;on&#8221; button_letter_spacing__hover=&#8221;1px&#8221; button_one_letter_spacing__hover_enabled=&#8221;off&#8221; button_two_letter_spacing__hover_enabled=&#8221;off&#8221; button_bg_color__hover_enabled=&#8221;off&#8221; button_one_bg_color__hover_enabled=&#8221;off&#8221; button_two_bg_color__hover_enabled=&#8221;off&#8221;][\/et_pb_signup][\/et_pb_column][\/et_pb_row][\/et_pb_section]<\/p>\n","protected":false},"excerpt":{"rendered":"<p>Scientific\u00a0CommitteeThe main tasks of the Scientific Committee members are to ensure high scientific level of the conference, to compile a scientific program, to review all the abstracts submitted and, finally, to\u00a0evaluate the student competition for the best student presentation and poster.Fedor \u010ciampor (Slovak Academy of Sciences, SLOVAKIA) &#8211; Chair Zolt\u00e1n Csabai (University of P\u00e9cs, HUNGARY) [&hellip;]<\/p>\n","protected":false},"author":2,"featured_media":0,"parent":407,"menu_order":2,"comment_status":"closed","ping_status":"closed","template":"","meta":{"_et_pb_use_builder":"on","_et_pb_old_content":"","_et_gb_content_width":"","_monsterinsights_skip_tracking":false,"_monsterinsights_sitenote_active":false,"_monsterinsights_sitenote_note":"","_monsterinsights_sitenote_category":0,"footnotes":""},"yoast_head":"<!-- This site is optimized with the Yoast SEO plugin v22.9 - https:\/\/yoast.com\/wordpress\/plugins\/seo\/ -->\n<title>Scientific committee - CESAMIR2024<\/title>\n<meta name=\"description\" content=\"scientific committee of the 4th CESAMIR 2020 hydrobiological conference to be held in Slovakia, researchers responsible for abstract evaluation and schedule\" \/>\n<meta name=\"robots\" content=\"index, follow, max-snippet:-1, max-image-preview:large, max-video-preview:-1\" \/>\n<link rel=\"canonical\" href=\"https:\/\/www.aquabol.sk\/cesamir2020\/program\/committee\/\" \/>\n<meta property=\"og:locale\" content=\"en_US\" \/>\n<meta property=\"og:type\" content=\"article\" \/>\n<meta property=\"og:title\" content=\"Scientific committee - CESAMIR2024\" \/>\n<meta property=\"og:description\" content=\"scientific committee of the 4th CESAMIR 2020 hydrobiological conference to be held in Slovakia, researchers responsible for abstract evaluation and schedule\" \/>\n<meta property=\"og:url\" content=\"https:\/\/www.aquabol.sk\/cesamir2020\/program\/committee\/\" \/>\n<meta property=\"og:site_name\" content=\"CESAMIR2024\" \/>\n<meta property=\"article:publisher\" content=\"https:\/\/www.facebook.com\/groups\/396625880530788\/?ref=bookmarks\" \/>\n<meta property=\"article:modified_time\" content=\"2024-06-19T18:16:33+00:00\" \/>\n<meta name=\"twitter:card\" content=\"summary_large_image\" \/>\n<meta name=\"twitter:label1\" content=\"Est. reading time\" \/>\n\t<meta name=\"twitter:data1\" content=\"2 minutes\" \/>\n<script type=\"application\/ld+json\" class=\"yoast-schema-graph\">{\"@context\":\"https:\/\/schema.org\",\"@graph\":[{\"@type\":\"WebPage\",\"@id\":\"https:\/\/www.aquabol.sk\/cesamir2020\/program\/committee\/\",\"url\":\"https:\/\/www.aquabol.sk\/cesamir2020\/program\/committee\/\",\"name\":\"Scientific committee - CESAMIR2024\",\"isPartOf\":{\"@id\":\"https:\/\/www.aquabol.sk\/cesamir2020\/#website\"},\"datePublished\":\"2019-09-24T06:32:57+00:00\",\"dateModified\":\"2024-06-19T18:16:33+00:00\",\"description\":\"scientific committee of the 4th CESAMIR 2020 hydrobiological conference to be held in Slovakia, researchers responsible for abstract evaluation and schedule\",\"breadcrumb\":{\"@id\":\"https:\/\/www.aquabol.sk\/cesamir2020\/program\/committee\/#breadcrumb\"},\"inLanguage\":\"en-US\",\"potentialAction\":[{\"@type\":\"ReadAction\",\"target\":[\"https:\/\/www.aquabol.sk\/cesamir2020\/program\/committee\/\"]}]},{\"@type\":\"BreadcrumbList\",\"@id\":\"https:\/\/www.aquabol.sk\/cesamir2020\/program\/committee\/#breadcrumb\",\"itemListElement\":[{\"@type\":\"ListItem\",\"position\":1,\"name\":\"Home\",\"item\":\"https:\/\/www.aquabol.sk\/cesamir2020\/\"},{\"@type\":\"ListItem\",\"position\":2,\"name\":\"Scientific Program\",\"item\":\"https:\/\/www.aquabol.sk\/cesamir2020\/program\/\"},{\"@type\":\"ListItem\",\"position\":3,\"name\":\"Scientific committee\"}]},{\"@type\":\"WebSite\",\"@id\":\"https:\/\/www.aquabol.sk\/cesamir2020\/#website\",\"url\":\"https:\/\/www.aquabol.sk\/cesamir2020\/\",\"name\":\"CESAMIR2020\",\"description\":\"4th Central European Symposium for Aquatic Macroinvertebrate Research\",\"publisher\":{\"@id\":\"https:\/\/www.aquabol.sk\/cesamir2020\/#organization\"},\"potentialAction\":[{\"@type\":\"SearchAction\",\"target\":{\"@type\":\"EntryPoint\",\"urlTemplate\":\"https:\/\/www.aquabol.sk\/cesamir2020\/?s={search_term_string}\"},\"query-input\":\"required name=search_term_string\"}],\"inLanguage\":\"en-US\"},{\"@type\":\"Organization\",\"@id\":\"https:\/\/www.aquabol.sk\/cesamir2020\/#organization\",\"name\":\"CESAMIR conference\",\"url\":\"https:\/\/www.aquabol.sk\/cesamir2020\/\",\"logo\":{\"@type\":\"ImageObject\",\"inLanguage\":\"en-US\",\"@id\":\"https:\/\/www.aquabol.sk\/cesamir2020\/#\/schema\/logo\/image\/\",\"url\":\"https:\/\/www.aquabol.sk\/cesamir2020\/wp-content\/uploads\/2019\/09\/CESAMIR-logo.png\",\"contentUrl\":\"https:\/\/www.aquabol.sk\/cesamir2020\/wp-content\/uploads\/2019\/09\/CESAMIR-logo.png\",\"width\":414,\"height\":415,\"caption\":\"CESAMIR conference\"},\"image\":{\"@id\":\"https:\/\/www.aquabol.sk\/cesamir2020\/#\/schema\/logo\/image\/\"},\"sameAs\":[\"https:\/\/www.facebook.com\/groups\/396625880530788\/?ref=bookmarks\"]}]}<\/script>\n<!-- \/ Yoast SEO plugin. -->","yoast_head_json":{"title":"Scientific committee - CESAMIR2024","description":"scientific committee of the 4th CESAMIR 2020 hydrobiological conference to be held in Slovakia, researchers responsible for abstract evaluation and schedule","robots":{"index":"index","follow":"follow","max-snippet":"max-snippet:-1","max-image-preview":"max-image-preview:large","max-video-preview":"max-video-preview:-1"},"canonical":"https:\/\/www.aquabol.sk\/cesamir2020\/program\/committee\/","og_locale":"en_US","og_type":"article","og_title":"Scientific committee - CESAMIR2024","og_description":"scientific committee of the 4th CESAMIR 2020 hydrobiological conference to be held in Slovakia, researchers responsible for abstract evaluation and schedule","og_url":"https:\/\/www.aquabol.sk\/cesamir2020\/program\/committee\/","og_site_name":"CESAMIR2024","article_publisher":"https:\/\/www.facebook.com\/groups\/396625880530788\/?ref=bookmarks","article_modified_time":"2024-06-19T18:16:33+00:00","twitter_card":"summary_large_image","twitter_misc":{"Est. reading time":"2 minutes"},"schema":{"@context":"https:\/\/schema.org","@graph":[{"@type":"WebPage","@id":"https:\/\/www.aquabol.sk\/cesamir2020\/program\/committee\/","url":"https:\/\/www.aquabol.sk\/cesamir2020\/program\/committee\/","name":"Scientific committee - CESAMIR2024","isPartOf":{"@id":"https:\/\/www.aquabol.sk\/cesamir2020\/#website"},"datePublished":"2019-09-24T06:32:57+00:00","dateModified":"2024-06-19T18:16:33+00:00","description":"scientific committee of the 4th CESAMIR 2020 hydrobiological conference to be held in Slovakia, researchers responsible for abstract evaluation and schedule","breadcrumb":{"@id":"https:\/\/www.aquabol.sk\/cesamir2020\/program\/committee\/#breadcrumb"},"inLanguage":"en-US","potentialAction":[{"@type":"ReadAction","target":["https:\/\/www.aquabol.sk\/cesamir2020\/program\/committee\/"]}]},{"@type":"BreadcrumbList","@id":"https:\/\/www.aquabol.sk\/cesamir2020\/program\/committee\/#breadcrumb","itemListElement":[{"@type":"ListItem","position":1,"name":"Home","item":"https:\/\/www.aquabol.sk\/cesamir2020\/"},{"@type":"ListItem","position":2,"name":"Scientific Program","item":"https:\/\/www.aquabol.sk\/cesamir2020\/program\/"},{"@type":"ListItem","position":3,"name":"Scientific committee"}]},{"@type":"WebSite","@id":"https:\/\/www.aquabol.sk\/cesamir2020\/#website","url":"https:\/\/www.aquabol.sk\/cesamir2020\/","name":"CESAMIR2020","description":"4th Central European Symposium for Aquatic Macroinvertebrate Research","publisher":{"@id":"https:\/\/www.aquabol.sk\/cesamir2020\/#organization"},"potentialAction":[{"@type":"SearchAction","target":{"@type":"EntryPoint","urlTemplate":"https:\/\/www.aquabol.sk\/cesamir2020\/?s={search_term_string}"},"query-input":"required name=search_term_string"}],"inLanguage":"en-US"},{"@type":"Organization","@id":"https:\/\/www.aquabol.sk\/cesamir2020\/#organization","name":"CESAMIR conference","url":"https:\/\/www.aquabol.sk\/cesamir2020\/","logo":{"@type":"ImageObject","inLanguage":"en-US","@id":"https:\/\/www.aquabol.sk\/cesamir2020\/#\/schema\/logo\/image\/","url":"https:\/\/www.aquabol.sk\/cesamir2020\/wp-content\/uploads\/2019\/09\/CESAMIR-logo.png","contentUrl":"https:\/\/www.aquabol.sk\/cesamir2020\/wp-content\/uploads\/2019\/09\/CESAMIR-logo.png","width":414,"height":415,"caption":"CESAMIR conference"},"image":{"@id":"https:\/\/www.aquabol.sk\/cesamir2020\/#\/schema\/logo\/image\/"},"sameAs":["https:\/\/www.facebook.com\/groups\/396625880530788\/?ref=bookmarks"]}]}},"_links":{"self":[{"href":"https:\/\/www.aquabol.sk\/cesamir2020\/wp-json\/wp\/v2\/pages\/436"}],"collection":[{"href":"https:\/\/www.aquabol.sk\/cesamir2020\/wp-json\/wp\/v2\/pages"}],"about":[{"href":"https:\/\/www.aquabol.sk\/cesamir2020\/wp-json\/wp\/v2\/types\/page"}],"author":[{"embeddable":true,"href":"https:\/\/www.aquabol.sk\/cesamir2020\/wp-json\/wp\/v2\/users\/2"}],"replies":[{"embeddable":true,"href":"https:\/\/www.aquabol.sk\/cesamir2020\/wp-json\/wp\/v2\/comments?post=436"}],"version-history":[{"count":6,"href":"https:\/\/www.aquabol.sk\/cesamir2020\/wp-json\/wp\/v2\/pages\/436\/revisions"}],"predecessor-version":[{"id":4661,"href":"https:\/\/www.aquabol.sk\/cesamir2020\/wp-json\/wp\/v2\/pages\/436\/revisions\/4661"}],"up":[{"embeddable":true,"href":"https:\/\/www.aquabol.sk\/cesamir2020\/wp-json\/wp\/v2\/pages\/407"}],"wp:attachment":[{"href":"https:\/\/www.aquabol.sk\/cesamir2020\/wp-json\/wp\/v2\/media?parent=436"}],"curies":[{"name":"wp","href":"https:\/\/api.w.org\/{rel}","templated":true}]}}